on factor of d and 280.
40
Suppose -5*x + 7 = 22. Let d = x - -3. Suppose -4*u + 258 = -d*u - 2*s, 0 = -5*s + 15. What is the highest common factor of 6 and u?
6
Let c be 0 - (16/(-2) - 2). Suppose 0*j + 50 = 2*j. What is the highest common divisor of j and c?
5
Let h = -7 - -9. Let u(n) = 2*n + 2. Let j be u(h). What is the greatest common factor of j and 18?
6
Let t(h) = -110*h. Let v be t(-1). Suppose 3*u - 11 = 4. Let n = 49 - u. Calculate the highest common factor of n and v.
22
Let n be (-92)/28 + (-2)/(-7) + 9. Calculate the greatest common factor of 21 and n.
3
Let h(d) = -3*d + 2. Let s be h(5). Let l be -4 - s - (1 - 0). Calculate the greatest common factor of l and 48.
8
Let k be (-6)/24 - (-26)/8. Let u = k - -13. Calculate the greatest common factor of 40 and u.
8
Suppose -5*y = -15, 0 = -4*b + 2*b - y + 59. What is the greatest common factor of 308 and b?
28
Suppose 6 + 3 = 3*q. What is the highest common divisor of q and 15?
3
Suppose -3*s - 25 = 5*y - 1, 3*s = -y. Let l be ((-12)/9)/(4/y). Calculate the greatest common factor of l and 6.
2
Let k be (-18)/(-14) + (-4)/14. Let y = k + 2. Let g = 8 + -7. Calculate the greatest common factor of g and y.
1
Let m be ((-1092)/(-35))/((9/(-15))/(-3)). Calculate the greatest common factor of m and 12.
12
Let m(t) = t**2 - 2. Let c be m(-2). Let y be 6/(-9) - (-100)/6. Calculate the greatest common divisor of y and c.
2
Let p = 8 + 40. Calculate the highest common factor of p and 16.
16
Let n(y) = -y**2 + 2*y + 3. Let z be n(3). Suppose z*u - 24 = -2*u. Suppose k + 3*i = -4*k + 111, -u = 4*i. Calculate the greatest common factor of k and 8.
8
Let x be (-261)/(-15) + 6/10. What is the highest common divisor of 18 and x?
18
Let w(j) be the second derivative of -7*j**3/3 + 7*j**2/2 + 6*j. Let r be w(-3). Calculate the greatest common divisor of r and 7.
7
Suppose 5*t = -2*r + 173 + 172, 2*r - 336 = 4*t. Let l = 28 - 11. Calculate the greatest common divisor of l and r.
17
Let u = 12 - -26. Calculate the highest common factor of u and 19.
19
Let g(s) be the second derivative of s**5/20 + 5*s**4/6 - s**3/3 + 5*s**2 - 4*s. Let c be g(-10). Calculate the highest common factor of c and 75.
15
Let m = 79 + -71. What is the highest common factor of m and 1?
1
Suppose 0*b + 6*b - 18 = 0. What is the highest common divisor of b and 9?
3
Let h(k) = -12*k**2 - k + 1. Let t be h(-2). Let d be (24/20)/((-1)/t). Suppose -b + 42 = -d. What is the greatest common factor of 12 and b?
12
Suppose 5*k = 7*k + 4, -5*u + 90 = 5*k. Calculate the highest common divisor of u and 6.
2
Let m = 280 + -175. What is the highest common divisor of 21 and m?
21
Let b = 54 - 22. What is the greatest common divisor of b and 48?
16
Let q = 68 + -50. Calculate the greatest common factor of 12 and q.
6
Suppose -2*x = 4 + 22. Let n = x - -18. Suppose 13 = -q + 33. What is the highest common divisor of n and q?
5
Let g be (-4 - -46)/(6/4). What is the highest common factor of g and 14?
14
Suppose z - 15 = -4*z. Suppose -o = z*w - 11, -4*w = 3*o - w - 15. Let j be (-308)/(-20) - o/5. What is the greatest common factor of j and 6?
3
Suppose 2*i - 96 = -2*r, r - 5*r = -2*i - 168. Calculate the highest common divisor of 11 and r.
11
Suppose -j + 3 = 0, -5*c - 2*j = 178 - 484. Calculate the greatest common factor of 90 and c.
30
Let w(g) = -2*g - 2. Let x be w(-3). Let t = 8 - x. Let u = t + 6. Calculate the highest common factor of 90 and u.
10
Let b(o) = -o**2 + 12*o - 15. Let m be b(7). What is the greatest common divisor of m and 40?
20
Let r be 12 + (-5 + 5)/(1*-1). Let p be (6/7)/(2/224). Calculate the highest common divisor of r and p.
12
Let x be 11 + -2 + 0 + 1. Let s be -5 + -1 - -3 - -10. Suppose -3*j - 320 = -s*j. Calculate the greatest common factor of x and j.
10
Suppose -2*w = x - 37, -2*x = -2*w + 3*w - 11. Let p = 7 - w. Let q be (-21)/p*(-56)/(-6). What is the highest common factor of 98 and q?
14
Let h be (-15)/(-10) - 58/(-4). Calculate the highest common factor of 2 and h.
2
Let g(n) = -n**2 + 7*n + 10. Let d(w) = -w**3 + 11*w**2 + 12*w + 5. Let z be d(12). Let o be g(z). What is the highest common factor of 4 and o?
4
Suppose -3*y - 11*y = -28. What is the highest common factor of 5 and y?
1
Let c = 47 + -11. Suppose -382 - 140 = -3*w. Let i be w/18 + (-4)/6. Calculate the greatest common divisor of i and c.
9
Suppose s + s - 2 = 0. Let p(h) = 12*h. Let d be p(s). What is the greatest common divisor of d and 84?
12
Let h be 2/4*0/1. Suppose h = -l + 2, 2*i - 4*l = -2*l + 26. Let z be (-36)/(-45) - (-42)/10. What is the highest common factor of z and i?
5
Suppose 4*f + 4*h - 20 = 0, 3*h - 15 = 5*f - 10*f. Let x be ((-13)/(-4) + f)*8. Calculate the greatest common divisor of x and 286.
26
Let d = -8 + 26. What is the greatest common factor of d and 126?
18
Suppose 4*u - 4 = 8. Let z be 1/(2 + (-3)/u). Calculate the highest common divisor of 9 and z.
1
Suppose 11*r - 13 = 10*r. Let x(d) = 10*d**2 - 1. Let f be x(2). What is the highest common factor of f and r?
13
Let a(g) = g**3 + 165. Let u be a(0). Calculate the highest common factor of u and 15.
15
Suppose -2*k + 4*k + 5*q - 12 = 0, 5*k - 4*q = -36. Let s = 1 + k. Let l be (-1)/s + (-8)/(-3). What is the highest common divisor of l and 3?
3
Let r(x) = -x + 35. Let l be r(16). Let c = -188 + 397. What is the greatest common factor of l and c?
19
Let f be (-2)/9 - 872/(-36). What is the highest common factor of 36 and f?
12
Let y be (7/(-3))/(5/(-15)). Let p be 21 - (0 - (1 + -1)). Calculate the highest common factor of y and p.
7
Suppose b - 3*b - 246 = 4*r, -5*r - 335 = -3*b. Let p = r - -112. What is the greatest common divisor of 32 and p?
16
Suppose -2*y + 7*y - 75 = 0. Let v = 5 + 85. What is the highest common divisor of v and y?
15
Let s = -1 - -5. Suppose -s*j + 152 = -8. What is the highest common factor of 10 and j?
10
Suppose t = -t + 10. What is the greatest common factor of 20 and t?
5
Let c be 37/2 + 4/(-8). Calculate the greatest common divisor of c and 72.
18
Let w = -3 + 23. Calculate the greatest common factor of 4 and w.
4
Let g(t) = -t**2 + t + 144. Let k be g(0). Suppose -k = h + 29. Let b be (-2)/9 + h/(-9). Calculate the highest common factor of b and 38.
19
Let s(a) = -2*a**3 + 0*a + 2*a + 1 - 3*a**3 - 6*a - 3*a**2. Let g be s(-3). What is the greatest common factor of 11 and g?
11
Let s(h) = -3 + 8*h**2 - h**3 + 4*h - 3*h + 7*h - 6. Let w be s(8). Let i = w - 39. What is the greatest common divisor of 16 and i?
16
Let h(r) = -2*r**2 - 2. Let g(c) = 1 - 3*c + 2*c + 2*c + c**2. Let w(a) = -3*g(a) - h(a). Let s be w(-2). Calculate the greatest common factor of s and 2.
1
Let q be -1 + (1 - (-1 + 1)). Suppose 2*n - 234 = -q*n. Suppose 4*b - 19 - 33 = 0. What is the greatest common divisor of n and b?
13
Suppose 3*t + t = 140. Let f = t + -8. What is the highest common divisor of 9 and f?
9
Let z be 1*-2 - -2 - -2. Let c be (z - -3) + (-1 - -2). Let q(t) = -t**3 - t**2 + 3*t + 6. Let u be q(-4). Calculate the highest common factor of u and c.
6
Let z(m) = m**3 - m**2 - 4*m + 4. Let l be z(4). Let t = -90 + 144. Calculate the greatest common divisor of l and t.
18
Let u(g) = -g**3 + 6*g**2 - 5*g + 5. Let x be u(5). Let y(p) = 3*p**2 + 8*p - 7. Let c be y(x). Calculate the greatest common divisor of 12 and c.
12
Let d be 24/5 - (-2)/10. Let r = 8 - 6. Let t(n) = 4*n**3 + 3*n**2 - n - 2. Let y be t(r). What is the highest common divisor of y and d?
5
Suppose -3*h = -12, 0 = 2*j + h - 101 - 7. Calculate the highest common factor of 13 and j.
13
Let n(c) = 3*c - 6. Let a be n(5). Suppose 3*y + 114 = 411. Calculate the greatest common factor of a and y.
9
Suppose 6*b - 93 = -5*r + 3*b, -5*b = -3*r + 83. Calculate the highest common divisor of 7 and r.
7
Suppose 0 = -3*h + 46 + 38. Suppose -5*a + a = -h. Calculate the greatest common divisor of a and 28.
7
Let d(i) = -i**2 + 13*i - 25. Let t be d(9). What is the greatest common factor of 33 and t?
11
Let v = 53 + -52. What is the greatest common factor of 2 and v?
1
Suppose 13*f + 56 = 15*f. Calculate the greatest common divisor of f and 14.
14
Suppose 2*g - 12 = -4. Let u be (-1)/g + (-66)/(-8). Let c = -75 + 115. What is the highest common divisor of c and u?
8
Suppose 117 = 2*i - 3*w, -3*i + 